posite?
False
Is 2860665163 a composite number?
False
Is 299296819 a composite number?
True
Is 4104235357 prime?
True
Is 79112041 a prime number?
False
Is 21336387089 composite?
False
Is 13755219091 composite?
False
Is 2475904609 a composite number?
True
Is 11965645093 composite?
True
Is 4706426653 prime?
False
Is 4307646569 composite?
True
Is 2370424217 prime?
False
Is 920202389 prime?
True
Is 388484351 prime?
True
Is 3778637971 a prime number?
True
Is 6315249443 a prime number?
False
Is 5825826731 a prime number?
True
Is 3706747897 prime?
False
Is 658552877 a prime number?
True
Is 6351952919 a composite number?
True
Is 34404422137 composite?
True
Is 28531526501 a prime number?
False
Is 6428203 a composite number?
True
Is 10686146129 prime?
True
Is 19155690919 composite?
False
Is 5919124789 a composite number?
False
Is 338196581119 a composite number?
False
Is 12541450661 a prime number?
False
Is 19717485097 a composite number?
False
Is 10761324835 prime?
False
Is 5975882309 a composite number?
True
Is 16842321473 a composite number?
False
Is 243062129 a prime number?
True
Is 124336507 a prime number?
True
Is 1083449083 composite?
True
Is 633153811 composite?
False
Is 858705959 composite?
True
Is 2021148287 composite?
True
Is 1028663237 prime?
False
Is 4053230317 prime?
False
Is 4731118063 a prime number?
False
Is 9420724661 a composite number?
False
Is 1823485337 a composite number?
False
Is 1386680017 a composite number?
False
Is 123731349829 a composite number?
False
Is 34731371 a composite number?
True
Is 296619233 composite?
False
Is 58851580927 a prime number?
True
Is 864944989 composite?
True
Is 3140821897 composite?
True
Is 6567647981 prime?
True
Is 5208521 a prime number?
True
Is 4129765309 composite?
True
Is 83082301781 a composite number?
True
Is 41270509795 a composite number?
True
Is 3709943609 prime?
False
Is 34078867 prime?
False
Is 294578639 prime?
True
Is 1813686311 prime?
False
Is 2811978583 a composite number?
True
Is 2737719547 composite?
True
Is 90117361823 a prime number?
False
Is 1248740257 prime?
True
Is 117123580207 composite?
False
Is 106512319 prime?
True
Is 89187863 a composite number?
False
Is 3687744937 a composite number?
False
Is 11911571393 composite?
False
Is 4959477233 prime?
True
Is 399532435 a prime number?
False
Is 1561749071 a prime number?
False
Is 186535541 prime?
False
Is 1704593989 a prime number?
False
Is 4705991183 a prime number?
True
Is 6177942427 prime?
False
Is 4877777849 a composite number?
True
Is 8727133391 a composite number?
False
Is 5714903093 composite?
False
Is 586920283 a prime number?
False
Is 246853967 prime?
True
Is 134091259451 a prime number?
True
Is 292615201 composite?
False
Is 53975964041 prime?
True
Is 328847159 a prime number?
True
Is 27095879021 a composite number?
False
Is 1006388135 a prime number?
False
Is 2873978791 a prime number?
True
Is 15845950061 composite?
True
Is 57739633411 composite?
False
Is 166911931 prime?
False
Is 55864839139 prime?
True
Is 26818290481 a composite number?
True
Is 3129001 a prime number?
False
Is 853111841 composite?
False
Is 13102845095 prime?
False
Is 1231602697 composite?
True
Is 2208391421 composite?
False
Is 198455336633 a composite number?
False
Is 2818735451 composite?
True
Is 121951527491 a prime number?
False
Is 266859367 a prime number?
True
Is 36338992007 composite?
False
Is 7639420319 a composite number?
False
Is 47044367947 composite?
True
Is 17052018715 composite?
True
Is 511802477 prime?
True
Is 1582682399 composite?
False
Is 2947313071 a composite number?
False
Is 26156939477 prime?
True
Is 5114782997 a composite number?
False
Is 758333791 composite?
True
Is 4338734459 prime?
True
Is 37346404783 a prime number?
False
Is 14816972323 composite?
False
Is 70507288411 a prime number?
False
Is 16253586889 a composite number?
True
Is 27893228101 composite?
True
Is 11537358143 prime?
True
Is 2826611779 a composite number?
True
Is 13234504313 a composite number?
True
Is 75027643241 prime?
True
Is 53372069539 composite?
True
Is 182756999 a prime number?
True
Is 4940213843 composite?
True
Is 417973949 a composite number?
False
Is 51785533 a composite number?
True
Is 13725139287 composite?
True
Is 5818946239 a prime number?
False
Is 1320579487 composite?
False
Is 7124985799 a prime number?
False
Is 1479567482 prime?
False
Is 2722326457 a composite number?
False
Is 1682709407 prime?
False
Is 1871100269 a prime number?
True
Is 655784329 composite?
True
Is 29583176011 prime?
True
Is 1519216777 prime?
False
Is 183413514371 prime?
False
Is 473123927 a composite number?
False
Is 209858089 a composite number?
True
Is 1541154137 a prime number?
False
Is 1161620529 a composite number?
True
Is 48069852071 prime?
True
Is 31477544489 prime?
False
Is 75406618754 composite?
True
Is 11610378673 a composite number?
False
Is 226448513 composite?
True
Is 611211481 composite?
True
Is 5663869067 prime?
True
Is 1128908983 prime?
True
Is 3565369261 prime?
True
Is 23051653 composite?
False
Is 30157240759 composite?
True
Is 591326137 composite?
False
Is 2089988933 a composite number?
False
Is 10145694511 prime?
True
Is 5299168841 a composite number?
False
Is 74338366871 a prime number?
True
Is 2765196431 composite?
False
Is 1515593839 prime?
True
Is 50259796441 composite?
True
Is 23830081391 a prime number?
False
Is 20879280967 a composite number?
True
Is 3863981131 composite?
False
Is 27608339 prime?
False
Is 6877381391 a composite number?
False
Is 117087842063 prime?
True
Is 2417005469 prime?
True
Is 737912031 a prime number?
False
Is 155003351929 a prime number?
True
Is 11633932489 composite?
False
Is 1774877527 a prime number?
False
Is 4039709941 a composite number?
False
Is 7222417981 prime?
True
Is 11234746217 prime?
True
Is 1084322521 a composite number?
False
Is 1244663053 composite?
False
Is 187017443 prime?
False
Is 112333707901 prime?
True
Is 6333296614 a composite number?
True
Is 52664790589 a composite number?
True
Is 63028618489 prime?
True
Is 1143083393 composite?
False
Is 2730733801 prime?
True
Is 3529895683 prime?
True
Is 1746720683 composite?
False
Is 192785529 a composite number?
True
Is 31070560303 a prime number?
True
Is 1183357697 prime?
False
Is 5534526763 composite?
False
Is 9325740947 a prime number?
True
Is 123603325741 composite?
True
Is 42998331661 a prime number?
True
Is 681651133 a prime number?
False
Is 409401061 a prime number?
True
Is 1634619851 a composite number?
False
Is 40521579269 composite?
False
Is 76249727269 a prime number?
False
Is 20253955441 a composite number?
True
Is 107551363 a composite number?
True
Is 2223522073 composite?
True
Is 88538324231 composite?
True
Is 8224848859 prime?
True
Is 1730648669 a prime number?
True
Is 14309587 a composite number?
False
Is 452833463 a prime number?
False
Is 3258020017 composite?
True
Is 7162239103 a composite number?
False
Is 3933554861 prime?
True
Is 43929621223 composite?
True
Is 33519710363 a prime number?
True
Is 5045515193 a prime number?
True
Is 942091019 composite?
False
Is 208521391819 a composite number?
True
Is 3700199147 a composite number?
False
Is 128578395773 prime?
False
Is 23856681527 composite?
True
Is 56750595263 a composite number?
False
Is 7590676661 composite?
True
Is 119279970319 a prime number?
True
Is 477411059 a prime number?
True
Is 4776885257 a prime number?
True
Is 17269031977 a composite number?
False
Is 2268680507 prime?
True
Is 7784210099 a composite number?
True
Is 544496278 composite?
True
Is 4453339219 composite?
True
Is 36528949 composite?
False
Is 110446607 a prime number?
True
Is 1916423339 composite?
False
Is 717271991 a prime number?
False
Is 335404309 composite?
False
Is 1052775147 a prime number?
False
Is 958394909 a prime number?
True
Is 891088139 prime?
True
Is 9578486053 composite?
True
Is 28043681 a composite number?
False
Is 46050793891 composite?
True
Is 5194872157 a prime number?
True
Is 23222692643 a prime number?
False
Is 4798557031 prime?
False
Is 44923973873 a composite number?
True
Is 1033626731 a composite number?
True
Is 95891767 a composite number?
False
Is 1520917873 a prime number?
True
Is 1899639341 a prime number?
True
Is 3714162143 a prime number?
False
Is 25444371109 prime?
True
Is 4928428889 a composite number?